78333.
3, 23, 3157657
List the prime factors of 76295255.
5, 23, 663437
What are the prime factors of 14834275?
5, 31, 19141
What are the prime factors of 13369423?
163, 82021
What are the prime factors of 1530101315?
5, 211, 1450333
What are the prime factors of 345142798?
2, 7, 11, 13, 172399
What are the prime factors of 88971860?
2, 5, 31, 143503
What are the prime factors of 908786548?
2, 47, 53, 223, 409
What are the prime factors of 8922007244?
2, 2230501811
List the prime factors of 59255975.
5, 2370239
List the prime factors of 194389607.
2251, 86357
What are the prime factors of 45374097?
3, 15124699
List the prime factors of 6636279432.
2, 3, 276511643
What are the prime factors of 76255752?
2, 3, 83, 38281
List the prime factors of 1833560749.
3251, 563999
List the prime factors of 49246378.
2, 24623189
List the prime factors of 1316379069.
3, 146264341
What are the prime factors of 7934276?
2, 7, 5783
List the prime factors of 45779880.
2, 3, 5, 47, 8117
What are the prime factors of 38753378?
2, 19376689
List the prime factors of 22866374.
2, 73, 156619
List the prime factors of 33578087.
33578087
What are the prime factors of 5932531509?
3, 463, 4271081
List the prime factors of 1566564245.
5, 7027, 44587
What are the prime factors of 136095669?
3, 23, 179, 3673
What are the prime factors of 79396014?
2, 3, 53, 61, 4093
What are the prime factors of 161663255?
5, 13, 29, 139, 617
List the prime factors of 13517839.
17, 37, 21491
List the prime factors of 486961232.
2, 829, 36713
What are the prime factors of 209832501?
3, 69944167
List the prime factors of 28597870.
2, 5, 7, 58363
List the prime factors of 557185859.
41, 73, 186163
What are the prime factors of 118531027?
131, 6907
List the prime factors of 542770976.
2, 11, 1541963
List the prime factors of 122970592.
2, 3842831
What are the prime factors of 86434773?
3, 43, 670037
List the prime factors of 1499003.
11, 136273
What are the prime factors of 104839723?
193, 227, 2393
What are the prime factors of 2597227025?
5, 37, 683, 4111
List the prime factors of 630908081.
3187, 197963
What are the prime factors of 95070565?
5, 157, 163, 743
List the prime factors of 92189998.
2, 79, 583481
What are the prime factors of 61634339?
13, 61, 77723
List the prime factors of 2014110325.
5, 43, 433, 4327
List the prime factors of 54217566.
2, 3, 13, 457
List the prime factors of 19309675.
5, 7, 11, 1433
List the prime factors of 738679507.
37, 19964311
List the prime factors of 1330339228.
2, 23, 14460209
List the prime factors of 88511393.
29, 3052117
What are the prime factors of 793824277?
23, 1500613
List the prime factors of 482298105.
3, 5, 43, 547, 1367
What are the prime factors of 215842340?
2, 5, 7, 1541731
List the prime factors of 459451120.
2, 5, 5743139
List the prime factors of 396942876.
2, 3, 11, 334127
List the prime factors of 281600772.
2, 3, 23466731
List the prime factors of 235360035.
3, 5, 23, 9887
List the prime factors of 2462869716.
2, 3, 23, 613, 14557
List the prime factors of 275793581.
7, 127, 310229
What are the prime factors of 30730275?
3, 5, 61, 2239
List the prime factors of 28339481.
1451, 19531
List the prime factors of 2633891477.
7, 376270211
List the prime factors of 391907419.
23, 2579, 6607
List the prime factors of 32269012.
2, 8067253
List the prime factors of 25715057.
409, 62873
List the prime factors of 1313079529.
27691, 47419
What are the prime factors of 89066117?
7, 12723731
What are the prime factors of 111016603?
111016603
What are the prime factors of 1774103094?
2, 3, 32853761
List the prime factors of 10277470.
2, 5, 7, 41, 3581
What are the prime factors of 257768974?
2, 128884487
List the prime factors of 19632467.
17, 43, 107, 251
List the prime factors of 140839445.
5, 109, 258421
What are the prime factors of 1955919790?
2, 5, 11, 29, 613141
What are the prime factors of 83516401?
83516401
List the prime factors of 273930663.
3, 31, 103, 28597
What are the prime factors of 183319590?
2, 3, 5, 641, 9533
List the prime factors of 4870535519.
31, 157114049
What are the prime factors of 4598209159?
617, 7452527
What are the prime factors of 4902797139?
3, 23, 71055031
What are the prime factors of 119194388?
2, 373, 79889
What are the prime factors of 8284974?
2, 3, 661, 2089
List the prime factors of 107179162.
2, 2309, 23209
What are the prime factors of 1562005283?
37, 42216359
What are the prime factors of 418325756?
2, 47, 67, 33211
What are the prime factors of 46828687?
46828687
What are the prime factors of 354429068?
2, 7, 29, 37, 47, 251
What are the prime factors of 2902448?
2, 283, 641
What are the prime factors of 1191992377?
31, 67, 573901
What are the prime factors of 2562410639?
37489, 68351
List the prime factors of 1459537712.
2, 3769, 24203
What are the prime factors of 78492358?
2, 7, 1619, 3463
What are the prime factors of 172113957?
3, 131, 48661
List the prime factors of 168255382.
2, 84127691
What are the prime factors of 464240012?
2, 17, 61, 111919
List the prime factors of 102194859.
3, 13, 179, 14639
List the prime factors of 452059814.
2, 226029907
What are the prime factors of 82092399?
3, 619, 44207
What are the prime factors of 9091372791?
3, 9689, 312773
List the prime factors of 362467958.
2, 79, 191, 12011
List the prime factors of 507130833.
3, 11, 15367601
What are the prime factors of 1279226893?
7, 191, 956789
List the prime factors of 4559371459.
4559371459
List the prime factors of 2608103.
2608103
What are the prime factors of 2258608468?
2, 751, 751867
List the prime factors of 5068529013.
3, 1689509671
What are the prime factors of 1163239903?
7, 2029, 81901
List the prime factors of 51020934.
2, 3, 8503489
What are the prime factors of 2797400678?
2, 1398700339
What are the prime factors of 49708325?
5, 941, 2113
List the prime factors of 3833308416.
2, 3, 7, 101863
List the prime factors of 549022676.
2, 137255669
List the prime factors of 79965891.
3, 2897, 3067
What are the prime factors of 222531744?
2, 3, 2318039
What are the prime factors of 1097777416?
2, 137222177
What are the prime factors of 2811975?
3, 5, 37493
List the prime factors of 54803580.
2, 3, 5, 13, 17, 4133
What are the prime factors of 2897999846?
2, 7, 31, 953917
What are the prime factors of 715868673?
3, 13, 113, 162439
What are the prime factors of 88732613?
61, 1454633
List the prime factors of 6584710.
2, 5, 11, 31, 1931
What are the prime factors of 288493458?
2, 3, 11, 317, 13789
What are the prime factors of 676163550?
2, 3, 5, 179, 25183
What are the prime factors of 11958123?
3, 17, 234473
List the prime factors of 13629391.
29, 469979
What are the prime factors of 6066484539?
3, 2022161513
What are the prime factors of 1709937?
3, 63331
What are the prime factors of 1866796411?
67, 103, 157, 1723
List the prime factors of 153223539.
3, 7, 23, 45319
What are the prime factors of 213337053?
3, 23704117
List the prime factors of 321666322.
2, 103, 181, 8627
What are the prime factors of 241974661?
41, 5901821
List the prime factors of 5357478.
2, 3, 7, 199, 641
List the prime factors of 257708402.
2, 7, 18407743
What are the prime factors of 3418562?
2, 7, 61, 4003
What are the prime factors of 12190309?
17, 42181
What are the prime factors of 5077793741?
6337, 801293
What are the prime factors of 64064871?
3, 13, 37, 4933
List the prime factors of 2739786850.
2, 5, 619, 88523
List the prime factors of 205747822.
2, 7, 14696273
What are the prime factors of 318641782?
2, 43, 3705137
What are the prime factors of 353193468?
2, 3, 29432789
List the prime factors of 6088541022.
2, 3, 47, 113, 63689
List the prime factors of 1474108123.
1474108123
What are the prime factors of 1755104140?
2, 5, 17, 5162071
What are the prime factors of 76537098?
2, 3, 11, 35141
List the prime factors of 5666599577.
19, 298242083
What are the prime factors of 481076605?
5, 96215321
What are the prime factors of 6877789695?
3, 5, 7, 445597
List the prime factors of 85076106.
2, 3, 14179351
What are the prime factors of 312100036?
2, 41, 139, 13691
List the prime factors of 2369749508.
2, 7, 37, 1009, 2267
What are the prime factors of 138401085?
3, 5, 9226739
What are the prime factors of 4741019188?
2, 433, 2737309